What is the highest common divisor of 57 and n?
57
Let x(a) = 2*a**2 - 39*a + 127. Let n be x(3). What is the greatest common divisor of n and 658?
14
Let r = -50 + 86. Suppose -5*a + 74 = 14. What is the greatest common divisor of r and a?
12
Let i = 0 + 18. Calculate the highest common factor of i and 18.
18
Suppose 4*b + 0*b = 4*i + 68, 0 = -4*i + 5*b - 64. Let p = i - -25. Calculate the greatest common divisor of 28 and p.
4
Let u be (-792409)/(-1675) - (-4)/(-50). Calculate the greatest common divisor of 66 and u.
11
Let f be ((-1)/(-3))/(5/(-30)). Let j be (f/(4*-1))/(5/380). Calculate the highest common factor of j and 38.
38
Let h be 2 + -3 - (-43 + 6)*1. Calculate the greatest common divisor of 36 and h.
36
Suppose 259 = -26*z + 33*z. Calculate the greatest common divisor of z and 333.
37
Suppose 0 = u + 4*u + 5. Let y(h) be the first derivative of -12*h**2 + 8. Let s be y(u). Calculate the highest common divisor of 6 and s.
6
Let s = 12 - 1. Suppose -4*j = -s - 17. Let f = j - -11. What is the greatest common divisor of 12 and f?
6
Let k = -17 - 46. Let q = 80 + k. What is the highest common factor of q and 153?
17
Suppose 0 = -a - a + 136. Suppose k = 4*v + 80, -4*v = 4*k - a - 152. What is the highest common factor of k and 12?
12
Let q = -12 - -16. Let z(m) = m**2 - 9*m - 10. Let b be z(9). Let w be q/5*(0 - b). Calculate the greatest common factor of 64 and w.
8
Suppose z = -3*h - 7, -2*z = -2*h + h - 14. Suppose z*k = 41 - 6. Calculate the highest common divisor of k and 7.
7
Let g be 6 - (3 + (-3)/3). Suppose -25 + 40 = 3*t. Let s = t - g. What is the greatest common factor of 11 and s?
1
Suppose -u = -2*k + 6, -5 = u - 3*k + 5. Suppose -u*l = -7*l + 30. Suppose 0 = h - l + 2. What is the highest common factor of h and 4?
4
Suppose 0 = -7*w + 5*w + 10. Suppose w*u = 39 + 1. What is the greatest common divisor of 32 and u?
8
Suppose 43*p - 2232 - 15527 = 0. Calculate the highest common factor of p and 14.
7
Let r = -350 - -593. Let m = r - 143. Calculate the greatest common factor of m and 40.
20
Let g be 67 - (0 + 2 + 2). Let h = 73 + g. Suppose 5*r - 3*k - 88 = 0, 2*k = r + 3*k - 16. Calculate the greatest common factor of r and h.
17
Let t be 1/(-2)*(16/8 - 16). Calculate the highest common factor of t and 343.
7
Let l be 401/2 - ((-7)/(-14) - 0). Calculate the greatest common factor of l and 125.
25
Let y be (5 + 77/(-28))/(8/224). Let b be (-4)/(-6)*6/(-4). Let t be 0 - -7 - (-1 - b). Calculate the highest common divisor of y and t.
7
Let l = -336 - -402. What is the highest common divisor of 99 and l?
33
Let c be 2/13 - (-5 - 1290/65). What is the greatest common factor of c and 10?
5
Let s = 44 + -16. Let g(d) = 10*d + 64. Let u be g(16). What is the greatest common factor of s and u?
28
Let x(d) = -d**3 - 15*d**2 - 12*d - 35. Let n be x(-15). What is the greatest common divisor of n and 116?
29
Suppose 0 = -5*p - s + 52, 4*p - 3*p + 2*s = 5. Suppose -2*l + 23 - 4 = j, l = -j + p. Let r = -26 + 90. Calculate the greatest common divisor of r and l.
8
Let i(p) = p**2 + 10. Let v be i(0). Let s be 0 + 46/4*v. Suppose -2*n - n = 3, 3*n = 2*b - 95. What is the greatest common factor of b and s?
23
Let m = -98 + 99. Let d be 7 + (m*5 - (-2 + 6)). Calculate the greatest common divisor of 8 and d.
8
Suppose 2*o = 2*a - 3*o - 1423, 5*o + 3565 = 5*a. Calculate the greatest common factor of a and 34.
34
Let s(m) = -143*m + 50. Let h be s(-2). What is the greatest common divisor of 252 and h?
84
Let m be (-4 - -17) + -6 + 3. What is the highest common factor of 40 and m?
10
Suppose 5*n + 176 = 9*n. What is the highest common divisor of n and 132?
44
Let w(t) = 2*t - 13. Let u be w(27). Let l = 49 + u. Calculate the greatest common factor of l and 10.
10
Suppose 3*t + 4*d = 4*t + 5, 5*t + 120 = d. Let f = 36 + t. What is the highest common divisor of f and 176?
11
Suppose -3*x + 16 = 2*t - 19, 4*x - 4*t = 60. Calculate the highest common divisor of x and 2119.
13
Let a(x) = -21*x - 388. Let c be a(-28). What is the highest common factor of c and 300?
100
Suppose -3*z = 1 - 10. Let d be 23 - 3 - (0 + z). What is the highest common divisor of d and 17?
17
Let b(s) = -s**3 - s**2 - 2. Let r be b(-2). Suppose -23 = -5*z + r. What is the highest common divisor of 10 and z?
5
Suppose 40*r + 380 = 42*r. What is the greatest common factor of 10 and r?
10
Let w = 14 - -13. Suppose 6 = -3*j - 5*u, -u - 3 + 6 = 2*j. What is the highest common divisor of j and w?
3
Let p be (1024/4)/4 - 4. Let h(t) = t**2. Let a be h(2). Let l be a/6 + 210/9. Calculate the greatest common divisor of p and l.
12
Let t = -8 - -9. Let p be -44*((-44)/16 + t). What is the greatest common factor of p and 7?
7
Let i be ((-2)/(-4))/(7/(-14)) - -9. Let u = 25 - i. Calculate the greatest common divisor of 119 and u.
17
Let r = -62 - -40. Let k be r/(-18) - (-4)/(-18). Calculate the greatest common divisor of k and 5.
1
Let w(n) = -n**2 - 5*n + 15. Let q be w(-7). Suppose 2*l - 3*j = 0, 0*l = -l + j + q. Suppose -9*o = -5*o - 12. What is the highest common factor of o and l?
3
Let r = -52 - -55. Suppose l - 5*l + 159 = -5*o, -r*o = -4*l + 153. What is the highest common factor of 324 and l?
36
Suppose 2*c = -4*y + 976, 6 = 4*y + 2. Calculate the greatest common factor of c and 108.
54
Let f(n) = n**3 - 4*n**2 + 3*n. Let p be f(3). Suppose 4*u - 58 - 2 = p. Calculate the highest common factor of 105 and u.
15
Let r = 20 + -18. Suppose r*y + 5 = t, -5*t - y = 4 - 7. Let u be (-6)/((-2)/10*t). Calculate the highest common factor of 10 and u.
10
Let i be 0*((-12)/(-3))/(-12). Suppose 4*h = -i*h + 88. Let k = h - 4. What is the highest common factor of k and 27?
9
Let x = -114 - -122. Let p be 4/1 - (0 - 1). Let v = x - p. Calculate the highest common factor of v and 27.
3
Suppose 10*f = a + 5*f + 8, 3*f - 60 = -4*a. Suppose 6*q - 22 - 266 = 0. Calculate the greatest common factor of a and q.
12
Let x be ((-22)/55)/(2/(-5)). Suppose 2*k - 1 = -3*h, -2*h = -2*k + 5 + x. What is the highest common divisor of 3 and k?
1
Suppose -i + 2*c - 3*c = -56, 0 = i - 2*c - 47. Calculate the highest common divisor of 1 and i.
1
Let n(l) = 2*l**2 - 36*l + 3. Let h be n(18). Calculate the highest common factor of h and 51.
3
Let d = 3 + -1. Suppose -3*x = -x + 6, 4*t = d*x + 258. Let v = -8374 - -8381. What is the greatest common factor of v and t?
7
Let w be (84/(-16))/(1/(7 + -43)). Let t be -2*2*42/(-8). Calculate the highest common divisor of w and t.
21
Let h be ((-4)/(-6))/(6/18) - -2. Suppose v = m - h*m + 265, 5*m - 465 = 3*v. What is the highest common factor of m and 18?
18
Let r = -295 + 304. What is the highest common divisor of r and 9?
9
Let k be ((-14)/(-42))/(2/318). Calculate the highest common divisor of k and 424.
53
Let b be 3*(4 - (-201)/9). Let v = -63 + b. Suppose -3*y + 560 = 2*y. What is the greatest common divisor of y and v?
16
Let w be (-4*(-6)/48)/(2/12). Suppose -2*o - 1 = 4*v - 5, 4*o = 3*v - w. What is the highest common factor of v and 3?
1
Suppose -2*u + 3*m - 18 = 0, 0*m = -5*u - 3*m - 45. Let h be 8/(-6)*u/6*10. What is the highest common factor of 5 and h?
5
Suppose 4*c + 0*c - 336 = 0. Let u = -495 - -516. Calculate the greatest common divisor of c and u.
21
Let a(v) = 0 + 2 - 35*v + 0 - 7. Let h be a(-2). Suppose 25 = 4*i - 27. Calculate the greatest common divisor of h and i.
13
Suppose -74 = -5*f - 2*d + 361, 75 = f - 2*d. Calculate the highest common divisor of f and 34.
17
Suppose -105 = 4*z - 39*z. Calculate the greatest common divisor of 93 and z.
3
Let v = -93 - -44. Let c = 64 + v. Calculate the greatest common factor of c and 60.
15
Let z = -2 - -5. Suppose -c + z*v = -2*c + 2, 4*c + v - 19 = 0. Let a be (1/3)/(c/75). Calculate the greatest common factor of 35 and a.
5
Let y(r) = 12*r + 87. Let h be y(-6). What is the highest common divisor of h and 75?
15
Let d(p) = 5*p. Let x be d(3). Let o = -16 - -22. Suppose 45 = o*q - 3*q. Calculate the highest common factor of q and x.
15
Let n(v) = -10*v**3 + v**2 - 15*v + 25. Let b(x) = 3*x**3 + 5*x - 8. Let d(r) = 7*b(r) + 2*n(r). Let p be d(4). What is the highest common divisor of 10 and p?
10
Suppose -8*p + 4*p = 4. Let h be (p - -2)*(-14)/(-2). Let w be (-2 - -1)*(-11 - h). What is the greatest